3797?
3
What is the ten thousands digit of 130365?
3
What is the thousands digit of 5497?
5
What is the units digit of 59322?
2
What is the ten thousands digit of 14528?
1
What is the hundreds digit of 9031?
0
What is the units digit of 3780?
0
What is the units digit of 324?
4
What is the units digit of 7252?
2
What is the units digit of 767?
7
What is the thousands digit of 37893?
7
What is the hundreds digit of 4987?
9
What is the hundreds digit of 26022?
0
What is the hundreds digit of 894?
8
What is the hundred thousands digit of 141318?
1
What is the hundreds digit of 9572?
5
What is the hundreds digit of 7672?
6
What is the ten thousands digit of 70555?
7
What is the tens digit of 1888?
8
What is the units digit of 384?
4
What is the ten thousands digit of 117944?
1
What is the units digit of 39661?
1
What is the units digit of 15457?
7
What is the tens digit of 2067?
6
What is the tens digit of 1040?
4
What is the hundreds digit of 77545?
5
What is the ten thousands digit of 84947?
8
What is the units digit of 2669?
9
What is the hundreds digit of 4056?
0
What is the units digit of 5323?
3
What is the thousands digit of 2532?
2
What is the hundreds digit of 3039?
0
What is the tens digit of 1330?
3
What is the hundred thousands digit of 140176?
1
What is the hundreds digit of 581?
5
What is the ten thousands digit of 45226?
4
What is the units digit of 3332?
2
What is the hundreds digit of 516?
5
What is the thousands digit of 1568?
1
What is the tens digit of 360?
6
What is the hundreds digit of 7750?
7
What is the hundreds digit of 2215?
2
What is the units digit of 4184?
4
What is the ten thousands digit of 33375?
3
What is the units digit of 87446?
6
What is the tens digit of 99191?
9
What is the tens digit of 79295?
9
What is the thousands digit of 5843?
5
What is the hundreds digit of 18078?
0
What is the tens digit of 1238?
3
What is the hundreds digit of 1601?
6
What is the tens digit of 539?
3
What is the units digit of 598?
8
What is the hundreds digit of 2655?
6
What is the units digit of 1346?
6
What is the thousands digit of 15763?
5
What is the ten thousands digit of 18889?
1
What is the hundreds digit of 23901?
9
What is the hundreds digit of 378?
3
What is the units digit of 2905?
5
What is the thousands digit of 29587?
9
What is the units digit of 9550?
0
What is the hundreds digit of 48279?
2
What is the thousands digit of 1841?
1
What is the hundreds digit of 5751?
7
What is the thousands digit of 2665?
2
What is the tens digit of 1476?
7
What is the tens digit of 730?
3
What is the hundreds digit of 173?
1
What is the ten thousands digit of 12584?
1
What is the units digit of 39053?
3
What is the hundreds digit of 7230?
2
What is the hundreds digit of 7294?
2
What is the ten thousands digit of 16957?
1
What is the hundreds digit of 501?
5
What is the units digit of 4413?
3
What is the tens digit of 84333?
3
What is the ten thousands digit of 36553?
3
What is the tens digit of 5242?
4
What is the tens digit of 4700?
0
What is the thousands digit of 6535?
6
What is the thousands digit of 7326?
7
What is the thousands digit of 10997?
0
What is the thousands digit of 15498?
5
What is the hundred thousands digit of 148030?
1
What is the hundreds digit of 7152?
1
What is the units digit of 5689?
9
What is the hundreds digit of 14740?
7
What is the thousands digit of 2130?
2
What is the units digit of 66657?
7
What is the units digit of 8241?
1
What is the units digit of 74?
4
What is the tens digit of 1159?
5
What is the tens digit of 4551?
5
What is the units digit of 105070?
0
What is the ten thousands digit of 24377?
2
What is the tens digit of 5874?
7
What is the tens digit of 2650?
5
What is the thousands digit of 6822?
6
What is the thousands digit of 35290?
5
What is the thousands digit of 3209?
3
What is the thousands digit of 3784?
3
What is the thousands digit of 6371?
6
What is the hundreds digit of 73015?
0
What is the ten thousands digit of 17664?
1
What is the tens digit of 5281?
8
What is the thousands digit of 3515?
3
What is the hundreds digit of 134?
1
What is the units digit of 8981?
1
What is the hundreds digit of 1074?
0
What is the units digit of 4534?
4
What is the tens digit of 8706?
0
What is the units digit of 3447?
7
What is the hundreds digit of 1269?
2
What is the thousands digit of 6561?
6
What is the units digit of 23239?
9
What is the hundreds digit of 929?
9
What is the thousands digit of 3211?
3
What is the units digit of 290?
0
What is the hundreds digit of 58024?
0
What is the hundreds digit of 14293?
2
What is the tens digit of 925?
2
What is the ten thousands digit of 20695?
2
What is the hundreds digit of 2946?
9
What is the units digit of 42393?
3
What is the thousands digit of 2289?
2
What is the hundreds digit of 2489?
4
What is the thousands digit of 5816?
5
What is the tens digit of 6391?
9
What is the units digit of 34958?
8
What is the hundreds digit of 2510?
5
What is the hundreds digit of 21787?
7
What is the thousands digit of 1294?
1
What is the tens digit of 1296?
9
What is the thousands digit of 5717?
5
What is the hundreds digit of 1529?
5
What is the units digit of 14067?
7
What is the units digit of 7301?
1
What is the tens digit of 1014?
1
What is the hundred thousands digit of 162293?
1
What is the units digit of 4308?
8
What is the hundreds digit of 179653?
6
What is the thousands digit of 7003?
7
What is the thousands digit of 47778?
7
What is the tens digit of 764?
6
What is the thousands digit of 22904?
2
What is the thousands digit of 10393?
0
What is the tens digit of 42786?
8
What is the hundreds digit of 1571?
5
What is the tens digit of 2432?
3
What is the units digit of 9304?
4
What is the hundreds digit of 841?
8
What is the thousands digit of 32905?
2
What is the units digit of 20842?
2
What is the tens digit of 86234?
3
What is the thousands digit of 5792?
5
What is the thousands digit of 1127?
1
What is the units digit of 4300?
0
What is the tens digit of 363?
6
What is the units digit of 12907?
7
What is the hundreds digit of 1204?
2
What is the thousands digit of 9625?
9
What is the hundreds digit of 823?
8
What is the hundreds digit of 1792?
7
What is the hundreds digit of 43990?
9
What is the tens digit of 990?
9
What is the tens digit of 112?
1
What is the tens digit of 440?
4
What is the hundreds digit of 4904?
9
What is the tens digit of 124384?
8
What is the tens digit of 90619?
1
What is the ten thousands digit of 46092?
4
What is the units digit of 1313?
3
What is the hundreds digit of 4774?
7
What is the tens digit of 11979?
7
What is the units digit of 2054?
4
What is the units digit of 8077?
7
What is the hundreds digit of 973?
9
What is the units digit of 1405?
5
What is the hundreds digit of 254?
2
What is the thousands digit of 18978?
8
What is the hundreds digit of 5473?
4
What is the tens digit of 4979?
7
What is the tens digit of 5220?
2
What is the hundreds digit of 35287?
2
What is the units digit of 3811?
1
What is the units digit of 3588?
8
What is the units digit of 664?
4
What is the thousands digit of 21429?
1
What is the units digit of 955?
5
What is the units digit of 2800?
0
What is the tens digit of 4053?
5
What is the hundreds digit of 5054?
0
What is the thousands digit of 2737?
2
What is the hundreds digit of 179?
1
What is the hundreds digit of 665?
6
What is the ten thousands digit of 12944?
1
What is the thousands digit of 26968?
6
What is the thousands digit of 5429?
5
What is the ten thousands digit of 50663?
5
What is the tens digit of 40033?
3
What is the hundreds digit of 1298?
2
What is the thousands digit of 183464?
3
What is the ten thousands digit of 78862?
7
What is the hundreds digit of 28893?
8
What is the hundreds digit of 37701?
7
What is the ten thousands digit of 80632?
8
What is the hundreds digit of 27575?
5
What is the hundreds digit of 6263?
2
What is the thousands digit of 3147?
3
What is the units digit of 4157?
7
What is the tens digit of 63712?
1
What is the hundreds digit of 12129?
1
What is the thousands digit of 4224?
4
What is the thousands digit of 30854?
0
What is the units digit of 331?
1
What is the units digit of 45829?
9
What is the hundreds digit of 160?
1
What is the tens digi